ctors of 46403793?
3, 283, 6073
What are the prime factors of 174950252?
2, 19, 2301977
List the prime factors of 5720660734.
2, 109, 761, 34483
List the prime factors of 282643919.
282643919
List the prime factors of 59393703.
3, 19797901
List the prime factors of 4904575263.
3, 7, 77850401
What are the prime factors of 108231939?
3, 3347, 3593
List the prime factors of 36337164.
2, 3, 103, 29399
What are the prime factors of 33147792?
2, 3, 25577
List the prime factors of 4415577.
3, 41, 35899
What are the prime factors of 1735017737?
19, 47, 1942909
List the prime factors of 370213346.
2, 31, 1597, 3739
List the prime factors of 739337642.
2, 369668821
What are the prime factors of 114531386?
2, 47, 151, 8069
What are the prime factors of 2437599746?
2, 2927, 416399
What are the prime factors of 15870902?
2, 137, 57923
List the prime factors of 45663601.
45663601
List the prime factors of 39196059.
3, 7, 31, 60209
What are the prime factors of 68084909?
751, 90659
What are the prime factors of 121334461?
137, 359, 2467
List the prime factors of 109663217.
7103, 15439
What are the prime factors of 26122045?
5, 677, 7717
List the prime factors of 31360865.
5, 6272173
List the prime factors of 34194223.
7, 4884889
List the prime factors of 3641837489.
401, 9081889
What are the prime factors of 501784333?
1523, 329471
What are the prime factors of 265527106?
2, 13, 977, 10453
List the prime factors of 4793870394.
2, 3, 43, 6193631
List the prime factors of 378206102.
2, 10739, 17609
List the prime factors of 11553895.
5, 101, 137, 167
List the prime factors of 5112899.
11, 464809
What are the prime factors of 336020538?
2, 3, 7, 17, 67231
What are the prime factors of 84274534?
2, 42137267
List the prime factors of 73822221.
3, 11, 67789
What are the prime factors of 274048456?
2, 11, 557, 5591
List the prime factors of 371067276.
2, 3, 30922273
List the prime factors of 6791542.
2, 31, 109541
List the prime factors of 188469659.
7, 23, 59, 19841
What are the prime factors of 57438036?
2, 3, 17, 127, 739
List the prime factors of 108789105.
3, 5, 7252607
List the prime factors of 315525544.
2, 1259, 31327
List the prime factors of 769933482.
2, 3, 73, 89, 19751
What are the prime factors of 307060902?
2, 3, 17, 23, 14543
What are the prime factors of 8981373?
3, 2993791
List the prime factors of 51164144.
2, 23, 139033
List the prime factors of 147715413.
3, 49238471
What are the prime factors of 1147151970?
2, 3, 5, 61, 71, 109
What are the prime factors of 54078637?
181, 298777
List the prime factors of 139118521.
6131, 22691
What are the prime factors of 1809820966?
2, 904910483
What are the prime factors of 73205680?
2, 5, 915071
List the prime factors of 647328412.
2, 59, 2742917
What are the prime factors of 23764264?
2, 2970533
What are the prime factors of 5579781179?
7, 43, 241, 76919
List the prime factors of 180000492.
2, 3, 7, 641, 3343
What are the prime factors of 1417979785?
5, 19, 23, 648961
List the prime factors of 1534849204.
2, 7, 6959, 7877
What are the prime factors of 131021490?
2, 3, 5, 4367383
List the prime factors of 123136966.
2, 61568483
List the prime factors of 445680080.
2, 5, 79, 97, 727
What are the prime factors of 7674194?
2, 11, 348827
What are the prime factors of 142160900?
2, 5, 7, 29, 47, 149
What are the prime factors of 5711895368?
2, 19, 43, 873913
List the prime factors of 58108065.
3, 5, 3873871
List the prime factors of 2314733474.
2, 41, 2351, 12007
What are the prime factors of 7667462335?
5, 13, 117960959
List the prime factors of 54890692.
2, 13722673
What are the prime factors of 103083186?
2, 3, 883, 19457
What are the prime factors of 1598443169?
29333, 54493
List the prime factors of 3469616821.
11, 315419711
List the prime factors of 309373241.
309373241
What are the prime factors of 435006486?
2, 3, 83, 291169
List the prime factors of 2565765323.
11, 43, 5424451
What are the prime factors of 96843953?
96843953
List the prime factors of 61575048.
2, 3, 19, 23, 103
What are the prime factors of 672587182?
2, 10559, 31849
List the prime factors of 475351430.
2, 5, 811, 58613
List the prime factors of 116898956.
2, 4817, 6067
What are the prime factors of 46768832?
2, 11, 31, 2143
What are the prime factors of 1070249194?
2, 7, 76446371
What are the prime factors of 113246688?
2, 3, 19, 47, 1321
What are the prime factors of 251990492?
2, 13, 43, 8669
What are the prime factors of 170240929?
53, 3212093
What are the prime factors of 54564806?
2, 479, 56957
List the prime factors of 68795008.
2, 107, 5023
List the prime factors of 757004971.
757004971
List the prime factors of 277058784.
2, 3, 2886029
List the prime factors of 13781959.
13781959
List the prime factors of 1054828797.
3, 11, 977, 32717
What are the prime factors of 3918516052?
2, 11, 89057183
List the prime factors of 524680576.
2, 7, 585581
What are the prime factors of 1300611723?
3, 433537241
What are the prime factors of 5926111644?
2, 3, 23, 3209, 6691
List the prime factors of 164121610.
2, 5, 887, 18503
What are the prime factors of 274658122?
2, 83, 1654567
What are the prime factors of 2620272456?
2, 3, 349, 34759
List the prime factors of 21730531.
21730531
List the prime factors of 10361544.
2, 3, 431731
What are the prime factors of 4578739375?
5, 7, 23, 45503
What are the prime factors of 2300844087?
3, 31, 467, 17659
List the prime factors of 445266014.
2, 222633007
What are the prime factors of 674656804?
2, 41, 4113761
List the prime factors of 2714732741.
7, 55402709
What are the prime factors of 5745584195?
5, 13, 3539, 24977
List the prime factors of 70931956.
2, 17, 1043117
What are the prime factors of 689224654?
2, 6701, 51427
List the prime factors of 9675810.
2, 3, 5, 107509
List the prime factors of 537652081.
17, 73, 433241
What are the prime factors of 380120428?
2, 2591, 36677
List the prime factors of 127209041.
127209041
What are the prime factors of 7349054577?
3, 42499, 57641
What are the prime factors of 50824074?
2, 3, 7, 172871
What are the prime factors of 1021838700?
2, 3, 5, 59, 57731
What are the prime factors of 1397058320?
2, 5, 7, 331, 7537
What are the prime factors of 187968479?
173, 1086523
What are the prime factors of 2742990415?
5, 11, 49872553
List the prime factors of 2902929610.
2, 5, 7, 61, 679843
List the prime factors of 410585068.
2, 4481, 22907
List the prime factors of 9167054.
2, 13, 352579
What are the prime factors of 17744702?
2, 17, 521903
List the prime factors of 1275325699.
313, 4074523
What are the prime factors of 1318072146?
2, 3, 233, 942827
What are the prime factors of 857598512?
2, 53, 59, 61, 281
What are the prime factors of 136595475?
3, 5, 607091
What are the prime factors of 3137339720?
2, 5, 3119, 25147
What are the prime factors of 663116163?
3, 59, 103, 36373
List the prime factors of 3299896040.
2, 5, 7, 1109, 10627
List the prime factors of 49508832.
2, 3, 19, 27143
What are the prime factors of 301007426?
2, 150503713
List the prime factors of 9546151.
19, 502429
What are the prime factors of 131323922?
2, 47, 1397063
List the prime factors of 2666592148.
2, 11, 60604367
What are the prime factors of 748974799?
748974799
What are the prime factors of 5958866?
2, 887, 3359
What are the prime factors of 306489199?
306489199
List the prime factors of 2029224322.
2, 131, 7745131
What are the prime factors of 522849320?
2, 5, 7, 1867319
List the prime factors of 612395197.
239, 2562323
List the prime factors of 240755620.
2, 5, 7, 47, 5227
List the prime factors of 46249341.
3, 503, 30649
What are the prime factors of 210672308?
2, 7, 11, 43, 15907
List the prime factors of 29727455.
5, 173, 34367
What are the prime factors of 2432971555?
5, 7, 71, 979063
List the prime factors of 28080151.
11, 37, 68993
What are the prime factors of 1130399271?
3, 631, 199049
List the prime factors of 198146311.
11, 23, 181, 4327
List the prime factors of 487299524.
2, 193, 331, 1907
What are the prime factors of 89042056?
2, 17, 19, 2027
List the prime factors of 129251247.
3, 277, 155537
List the prime factors of 2810699353.
7, 11, 151, 241739
What are the prime factors of 1718742690?
2, 3, 5, 7, 2728163
List the prime factors of 24238261.
2141, 11321
List the